{"id":131,"date":"2019-06-12T09:38:11","date_gmt":"2019-06-12T09:38:11","guid":{"rendered":"http:\/\/funnyredline.de\/?post_type=portfolio&#038;p=131"},"modified":"2019-06-12T09:38:11","modified_gmt":"2019-06-12T09:38:11","slug":"das-treffen-der-wanderer","status":"publish","type":"portfolio","link":"http:\/\/funnyredline.de\/?portfolio=das-treffen-der-wanderer","title":{"rendered":"Das Treffen  der Wanderer"},"content":{"rendered":"\n<h3>Pier van Dijk<\/h3>\n\n\n\n<p>An der Skulpturenroute sto\u00dfen wir unversehens auf ein \u00fcbergro\u00dfes Paar Wanderst\u00f6cke, die sich kreuzend auf das Geschehen in ihrem Umfeld verweisen.<\/p>\n\n\n\n<p>Das \u201eTreffen der Wanderer\u201c, die zwei Spazierst\u00f6cke, die auch die Grundfarben der niederl\u00e4ndischen Fahne \u2013 Rot und Blau \u2013 beinhalten und das Rot der deutschen Flagge aufnehmen, treffen sich hier vielleicht zuf\u00e4llig als Symbol f\u00fcr Wanderer, die von hier eine der Teutoschleifchen erlaufen wollen, finden zueinander, verbinden sich in Freundschaft und stellen den Skulpturenweg als eine M\u00f6glichkeit der Verbindung zwischen den V\u00f6lkern dar.<\/p>\n\n\n\n<p>Das Rot der deutschen Fahne und das Blau der niederl\u00e4ndischen Fahne zum Beispiel werden zu \u2026 ? Einem Lila der Freundschaft. Eine Hoffnung f\u00fcr Europa trotz aller Spannungen?<\/p>\n\n\n\n<p>Nur durch das Treffen der Wanderer, die sich auf den Weg machen, und die sich daraus ergebenden Gespr\u00e4che bilden sich Gemeinsamkeiten heraus und gegenseitiges Verstehen.<br><\/p>\n","protected":false},"excerpt":{"rendered":"<p>Pier van Dijk An der Skulpturenroute sto\u00dfen wir unversehens auf ein \u00fcbergro\u00dfes Paar Wanderst\u00f6cke, die sich kreuzend auf das Geschehen in ihrem Umfeld verweisen. Das \u201eTreffen der Wanderer\u201c, die zwei Spazierst\u00f6cke, die auch die Grundfarben der niederl\u00e4ndischen Fahne \u2013 Rot und Blau \u2013 beinhalten und das Rot der deutschen Flagge aufnehmen, treffen sich hier vielleicht zuf\u00e4llig als Symbol f\u00fcr Wanderer, die von hier eine der Teutoschleifchen erlaufen wollen, finden zueinander,<\/p>\n<div class=\"read-more\"><a class=\"btn read-more-btn\" href=\"http:\/\/funnyredline.de\/?portfolio=das-treffen-der-wanderer\">Read More<\/a><\/div>\n","protected":false},"featured_media":132,"comment_status":"closed","ping_status":"closed","template":"","portfolio_cat":[4],"portfolio_skill":[],"_links":{"self":[{"href":"http:\/\/funnyredline.de\/index.php?rest_route=\/wp\/v2\/portfolio\/131"}],"collection":[{"href":"http:\/\/funnyredline.de\/index.php?rest_route=\/wp\/v2\/portfolio"}],"about":[{"href":"http:\/\/funnyredline.de\/index.php?rest_route=\/wp\/v2\/types\/portfolio"}],"replies":[{"embeddable":true,"href":"http:\/\/funnyredline.de\/index.php?rest_route=%2Fwp%2Fv2%2Fcomments&post=131"}],"version-history":[{"count":1,"href":"http:\/\/funnyredline.de\/index.php?rest_route=\/wp\/v2\/portfolio\/131\/revisions"}],"predecessor-version":[{"id":133,"href":"http:\/\/funnyredline.de\/index.php?rest_route=\/wp\/v2\/portfolio\/131\/revisions\/133"}],"wp:featuredmedia":[{"embeddable":true,"href":"http:\/\/funnyredline.de\/index.php?rest_route=\/wp\/v2\/media\/132"}],"wp:attachment":[{"href":"http:\/\/funnyredline.de\/index.php?rest_route=%2Fwp%2Fv2%2Fmedia&parent=131"}],"wp:term":[{"taxonomy":"portfolio_cat","embeddable":true,"href":"http:\/\/funnyredline.de\/index.php?rest_route=%2Fwp%2Fv2%2Fportfolio_cat&post=131"},{"taxonomy":"portfolio_skill","embeddable":true,"href":"http:\/\/funnyredline.de\/index.php?rest_route=%2Fwp%2Fv2%2Fportfolio_skill&post=131"}],"curies":[{"name":"wp","href":"https:\/\/api.w.org\/{rel}","templated":true}]}}

<h3>Pier van Dijk</h3>



<p>An der Skulpturenroute stoßen wir unversehens auf ein übergroßes Paar Wanderstöcke, die sich kreuzend auf das Geschehen in ihrem Umfeld verweisen.</p>



<p>Das „Treffen der Wanderer“, die zwei Spazierstöcke, die auch die Grundfarben der niederländischen Fahne – Rot und Blau – beinhalten und das Rot der deutschen Flagge aufnehmen, treffen sich hier vielleicht zufällig als Symbol für Wanderer, die von hier eine der Teutoschleifchen erlaufen wollen, finden zueinander, verbinden sich in Freundschaft und stellen den Skulpturenweg als eine Möglichkeit der Verbindung zwischen den Völkern dar.</p>



<p>Das Rot der deutschen Fahne und das Blau der niederländischen Fahne zum Beispiel werden zu … ? Einem Lila der Freundschaft. Eine Hoffnung für Europa trotz aller Spannungen?</p>



<p>Nur durch das Treffen der Wanderer, die sich auf den Weg machen, und die sich daraus ergebenden Gespräche bilden sich Gemeinsamkeiten heraus und gegenseitiges Verstehen.<br></p>

<p>Pier van Dijk An der Skulpturenroute stoßen wir unversehens auf ein übergroßes Paar Wanderstöcke, die sich kreuzend auf das Geschehen in ihrem Umfeld verweisen. Das „Treffen der Wanderer“, die zwei Spazierstöcke, die auch die Grundfarben der niederländischen Fahne – Rot und Blau – beinhalten und das Rot der deutschen Flagge aufnehmen, treffen sich hier vielleicht zufällig als Symbol für Wanderer, die von hier eine der Teutoschleifchen erlaufen wollen, finden zueinander,</p>
<div class="read-more"><a class="btn read-more-btn" href="http://funnyredline.de/?portfolio=das-treffen-der-wanderer">Read More</a></div>
